0. Determine y(4).
14
Let f(h) = -h**3 - 8*h**2 - 7*h + 16. What is f(-7)?
16
Let b(m) = m**3 - 10*m**2 - m - 19. What is b(10)?
-29
Let p(a) = -a**3 + 12*a**2 - 14*a - 14. Determine p(10).
46
Let q(j) = 3*j**2 - 2*j + 2. Determine q(-4).
58
Let n(q) = q**3 - 8*q**2 + 17*q - 7. Calculate n(5).
3
Let c(u) = u**3 - 19*u**2 + 13*u + 85. Give c(18).
-5
Let b(f) = -f**2 - 17*f + 34. Give b(-19).
-4
Let r(h) = h**2 - 6*h + 8. Calculate r(5).
3
Let q(k) = 23*k + 65. What is q(-3)?
-4
Let f(g) = -2*g**2 + 28*g - 74. Give f(10).
6
Let t(y) = -y**3 + 7*y**2 - 5*y - 22. What is t(5)?
3
Let z(l) = -l**3 - 4*l**2 + l + 6. What is z(-3)?
-6
Let j(p) = -6*p - 2. What is j(-1)?
4
Let j(s) = -s**3 - 10*s**2 + 21*s - 21. Calculate j(-12).
15
Let k(y) = -y**2 + 8*y - 7. Give k(3).
8
Let c(f) = -2*f**3 + 7*f**2 + 25*f - 54. Give c(5).
-4
Let r(q) = -q**2 - q + 3. What is r(0)?
3
Let r(x) = -3*x + 2. Give r(8).
-22
Let n(j) = -j**2 - j + 8. Calculate n(-7).
-34
Let v(i) = i**3 - 6*i**2 - 3. What is v(6)?
-3
Let x(h) = -2*h**3 + 3*h**2 + h + 3. Determine x(3).
-21
Let h(t) = t**3 - 7*t**2 + 5*t + 9. What is h(6)?
3
Let r(b) = -14*b + 6. Calculate r(-1).
20
Let k(o) = o - 4. Give k(-2).
-6
Let b(n) = -9*n**2 + n - 3. Give b(2).
-37
Let x(m) = -22*m**2 + m - 1. Determine x(-1).
-24
Let i(u) = 4*u**3 + 3*u**2 + u + 1. Give i(-1).
-1
Let x(o) = o**2 + 6*o - 5. Determine x(-8).
11
Let m(r) = -2*r + 9. Calculate m(8).
-7
Let z(g) = 2*g**2. What is z(-2)?
8
Let c(n) = -n**3 - 30*n**2 + 101*n + 63. What is c(-33)?
-3
Let o(n) = 4*n**2 - 11*n + 3. Give o(2).
-3
Let l(k) = -k**3 - 18*k**2 - 22*k - 80. What is l(-17)?
5
Let h(j) = -3*j**2 + 28*j - 3. What is h(9)?
6
Let s(a) = a**2 + 2*a - 39. Give s(0).
-39
Let p(i) = i**3 - 11*i**2 - 14*i + 39. Determine p(12).
15
Let h(i) = 45*i + 9. Give h(-2).
-81
Let r(a) = 3*a**2 - 40*a. Calculate r(12).
-48
Let u(s) = s**3 - 5*s**2 - 4*s - 2. Determine u(6).
10
Let c(h) = h**2 + 23*h + 88. What is c(-18)?
-2
Let m(s) = 15*s**2 - 12*s - 10. Give m(-1).
17
Let x(c) = -c**2 - 11*c + 3. Give x(-6).
33
Let t(y) = 2*y + 26. Calculate t(-9).
8
Let o(l) = -14*l - 19. Calculate o(0).
-19
Let v(x) = -2*x**3 + 3*x**2 + 2*x. Calculate v(-2).
24
Let y(c) = 18*c - 31. Give y(2).
5
Let q(t) = t**3 + 31*t**2 - 2*t - 74. What is q(-31)?
-12
Let m(z) = -z**3 - 24*z**2 - 11. What is m(-24)?
-11
Let n(k) = k**3 + 9*k**2 - 8*k + 2. What is n(-10)?
-18
Let o(t) = t**3 + 4*t**2 - 12*t - 21. Give o(-6).
-21
Let s(y) = -y**2 + 49*y - 531. Calculate s(33).
-3
Let m(r) = -r + 21. What is m(17)?
4
Let k(d) = -5*d - 182. Give k(-36).
-2
Let t(m) = -m**3 + 6*m**2 - 9*m + 5. Calculate t(4).
1
Let w(t) = -2*t**3 - 64*t**2 - 2*t - 40. Determine w(-32).
24
Let k(w) = 2*w**2 - 26*w + 12. What is k(14)?
40
Let v(z) = -z**2 + 3*z + 2. What is v(3)?
2
Let f(r) = r**3 - 24*r**2 + 64*r - 13. Calculate f(21).
8
Let v(f) = -f**3 + 8*f**2 - 15*f + 5. What is v(5)?
5
Let v(w) = -w**2 + 9*w - 7. Give v(14).
-77
Let l(w) = -23*w + 25. Determine l(2).
-21
Let i(m) = 4*m + 3. Give i(3).
15
Let x(p) = -p**3 + 3*p**2 - 4*p + 13. What is x(3)?
1
Let f(z) = -z**3 + 7*z**2 + 18*z - 24. Determine f(9).
-24
Let y(p) = -p - 11. Give y(-6).
-5
Let p(w) = w**2 + 34*w - 285. Determine p(7).
2
Let a(s) = -s**2 + 9*s + 5. Calculate a(9).
5
Let w(k) = -3*k + 28. Give w(9).
1
Let a(v) = 11*v + 2. Determine a(-2).
-20
Let v(a) = -12*a**2 + 34*a - 28. Give v(2).
-8
Let t(z) = 4*z**2 + 11*z - 36. Determine t(2).
2
Let g(f) = 2*f**2 + 41*f + 23. Calculate g(-20).
3
Let l(k) = 2*k**3 + 24*k**2 - 28*k - 17. What is l(-13)?
9
Let y(h) = h. Calculate y(10).
10
Let h(l) = 2*l**2 - 23*l + 6. What is h(12)?
18
Let w(j) = -2*j**3 - 3*j**2 + 4*j - 1. Determine w(-3).
14
Let k(o) = -16*o - 711. Calculate k(-44).
-7
Let i(c) = c**3 - 17*c**2 + 31*c + 8. What is i(15)?
23
Let w(c) = 10*c**2 - 2*c + 2. Determine w(2).
38
Let s(n) = 2*n**2 - 3*n + 2. Determine s(2).
4
Let p(a) = 2*a + 2. Give p(-7).
-12
Let b(u) = 7*u - 160. Give b(32).
64
Let x(t) = -t**2 + 8*t + 10. Calculate x(11).
-23
Let n(y) = -y**2 + 5. Give n(-2).
1
Let t(g) = -2*g - 11. Calculate t(-8).
5
Let k(j) = -4*j + 24. Calculate k(9).
-12
Let m(a) = -a**3 + 16*a**2 + a - 29. Calculate m(16).
-13
Let l(s) = s**2 - 2*s - 2. Calculate l(8).
46
Let x(h) = h**3 - 6*h**2 + 6*h. Determine x(4).
-8
Let b(v) = v**3 + 4*v**2 + 2*v - 4. Determine b(-2).
0
Let w(q) = -3*q - 11. What is w(-8)?
13
Let x(l) = -4*l**2 - 32*l + 25. Determine x(-8).
25
Let m(g) = g**2 + 5*g - 236. Calculate m(-18).
-2
Let s(h) = h**3 + 10*h**2 + 11*h + 11. Determine s(-9).
-7
Let f(k) = -k**3 - 9*k**2 + 14*k + 34. Give f(-10).
-6
Let d(z) = z - 30. What is d(16)?
-14
Let s(t) = -t**3 - 12*t**2 + 12*t - 15. Give s(-13).
-2
Let v(s) = -s**3 - 2*s**2 + 99*s - 2. Calculate v(9).
-2
Let s(h) = h**3 + 18*h**2 - 18*h + 10. What is s(-19)?
-9
Let g(q) = -8*q + 23. Give g(7).
-33
Let h(c) = -c**2 - 4*c. Determine h(-3).
3
Let a(z) = -z**3 + 13*z**2 - 27*z + 58. Give a(11).
3
Let z(v) = 3*v - 80. Calculate z(21).
-17
Let h(m) = -m**2 - m - 2. Give h(-6).
-32
Let o(h) = 5*h**2 - 22*h + 1. Calculate o(5).
16
Let b(y) = -y**3 - 24*y**2 + 53*y + 44. Determine b(-26).
18
Let t(w) = -w**2 + 14*w + 46. Calculate t(14).
46
Let m(v) = -v**2 + 7*v + 36. Give m(-4).
-8
Let q(a) = -a**3 + 10*a**2 - 7*a + 16. Calculate q(9).
34
Let k(i) = i**2 - i - 47. Determine k(0).
-47
Let m(i) = 7*i - 3. Give m(1).
4
Let m(g) = 11*g + 18. Give m(-6).
-48
Let r(z) = -8*z + 241. Determine r(30).
1
Let t(k) = 8*k + 13. Calculate t(-6).
-35
Let p(a) = -a**3 + 26*a**2 + 35*a - 202. What is p(27)?
14
Let b(g) = 88*g + 970. Give b(-11).
2
Let y(c) = 3*c - 29. Calculate y(7).
-8
Let d(b) = b**3 + 17*b**2 - 17*b + 12. Calculate d(-18).
-6
Let c(r) = -r**3 + 32*r**2 - r + 35. Determine c(32).
3
Let l(w) = 3*w**2 + 4*w + 2. Determine l(-2).
6
Let x(c) = -c**3 - 43*c**2 - 45*c - 137. What is x(-42)?
-11
Let p(b) = 4*b**2 - 3*b - 2. Calculate p(-1).
5
Let p(y) = y**2 - 17*y + 46. Calculate p(7).
-24
Let l(g) = -2*g**3 - 3*g**2 + 4*g. What is l(-3)?
15
Let r(j) = 90*j**2 - 3*j + 2. What is r(1)?
89
Let h(i) = -i**3 - 20*i**2 - 4*i + 7. What is h(-20)?
87
Let l(k) = k**3 - 20*k**2 - 19*k - 42. Determine l(21).
0
Let u(x) = -7*x**2 + 16*x - 9. Calculate u(4).
-57
Let f(a) = -4*a**2 + 3*a - 4. Determine f(1).
-5
Let a(h) = -11*h + 50. Determine a(5).
-5
Let z(y) = y**3 - 4*y**2 - 4*y + 2. Calculate z(5).
7
Let o(s) = 3*s + 35. Determine o(-16).
-13
Let q(z) = -z**2 + 9*z + 228. What is q(-11)?
8
Let n(a) = 20*a - 301. Give n(15).
-1
Let o(b) = 5*b - 3. Calculate o(3).
12
Let i(c) = -9*c + 14. Calculate i(4).
-22
Let x(r) = -26*r + 5. What is x(-2)?
57
Let z(t) = 4*t - 25. Determine z(12).
23
Let m(x) = 3*x**2 + 26*x + 62. Give m(-5).
7
Let m(p) = -6*p**2 + p. Calculate m(-2).
-26
Let i(z) = -z**2 + 4*z - 1. Give i(0).
-1
Let x(f) = f**3 + 33*f**2 - f - 30. Determine x(-33).
3
Let q(d) = d**2 - 19*d - 64. Give q(22).
2
Let b(s) = 5*s + 6. Give b(7).
41
Let m(i) = 5*i - 54. Give m(13).
11
Let n(b) = 5*b - 3. Determine n(9).
42
Let o(c) = 42*c - 23. Determine o(1).
19
Let u(r) = 7*r - 7. Determine u(5).
28
Let n(h) = h**3 + 6*h**2 - 15*h + 8. Give n(-7).
64
Let l(k) = k**2 - 30*k + 61. Determine l(28).
5
Let y(q) = 3*q - 17. Give y(9).
10
Let m(z) = -z**3 - 2*z - 28. Determine m(0).
-28
Let z(s) = s**3 - 4*s + 6. Determine z(0).
6
Let a(c) = 3*c + 2. Calculate a(-5).
-13
Let t(d) = -d**3 + 4*d**2 + 9*d - 7. Give t(6).
-25
Let p(r) = r + 24. Determine p(-11).
13
Let i(s) = s**2 + 14*s + 14. Calculate i(-13).
1
Let n(z) = 2*z**2 + 33*z + 53. Give n(-15).
8
Let o(q) = q**3 + 4*q**2 + 3*q + 1. Determine o(-2).
3
Let j(i) = -i**2 - 5*i - 11. Give j(-6).
-17
Let l(r) = -8*r - 57. What is l(-7)?
-1
Let o(y) = -y**3 - 6*y**2 - 3*y + 2. Determine o(-5).
-8
Let m(l) = -l**2 - 5*l + 5. Give m(1).
-1
Let n(z) = -3*z**2 - 6*z + 4. Calculate n(-3).
-5
Let h(l) = -l**3 + 13*l**2 - 43*l + 23. Calculate h(8).
-1
Let p(b) = b**3 + 27*b**2 + 27*b + 15. Give p(-26).
-11
Let o(b) = -b**2 + 5*b + 11. Determine o(7).
-3
Let r(d) = 4*d. Determine r(6).
24
Let s(q) = -q**2 + 4*q - 7. Give s(3).
-4
Let r(u) = -u**3 - 16*u**2 + 3*u + 42. Determine r(-16).
-6
Let o(x) = 34*x + 93. What is o(-3)?
-9
Let o(d) = -10*d - 136. Give o(-14).
4
Let c(u) = 6*u - 16. 